 29*t - 49. What is k(-7)?
42
Let l(g) = g**3 - 5*g**2 - 22*g + 189. What is l(5)?
79
Let o(q) = -9*q**2 - 695*q - 3256. Calculate o(-5).
-6
Let f(u) = 19*u + 417. What is f(-28)?
-115
Let c(t) = -12*t**2 - 4*t + 21. What is c(7)?
-595
Let c(u) = -u**3 + 16*u**2 - 15*u - 99. Determine c(13).
213
Let f(d) = 335*d - 1983. Calculate f(6).
27
Let w(m) = m**2 + 15515*m - 31031. What is w(2)?
3
Let b(v) = v**2 + 84*v + 19. Calculate b(4).
371
Let c(l) = 10*l**3 + 3*l**2 - 1. Determine c(-1).
-8
Let z(t) = -37*t**3 - 446*t**2 - 25*t - 4. Determine z(-12).
8
Let k(v) = -9*v - 83. Determine k(-2).
-65
Let a(s) = s**3 + 199*s**2 - 400*s + 3. Calculate a(2).
7
Let g(j) = j**2 - 11*j + 179. What is g(9)?
161
Let t(b) = -2*b**2 - 49*b + 607. What is t(9)?
4
Let b(i) = i**2 - 16*i - 161. What is b(23)?
0
Let w(a) = 2*a**2 + 32*a + 126. What is w(-11)?
16
Let r(b) = -244*b + 1221. Give r(5).
1
Let s(q) = 13*q - 499. Calculate s(34).
-57
Let r(f) = 1379*f - 1. What is r(0)?
-1
Let l(c) = 1292*c - 3914. Determine l(3).
-38
Let d(r) = 4*r + 70. Give d(-8).
38
Let o(b) = 194*b - 1559. Determine o(8).
-7
Let d(x) = 61*x**2 - 22*x - 21. Calculate d(-1).
62
Let y(z) = z**3 + 130*z**2 - 3*z - 356. Determine y(-130).
34
Let w(f) = 496*f - 23811. Determine w(48).
-3
Let x(a) = -a**2 - 8*a + 102. What is x(-10)?
82
Let u(b) = 78*b - 25. What is u(-2)?
-181
Let n(u) = 6*u**3 + 53*u**2 - 9*u - 4. Give n(-9).
-4
Let k(g) = -48*g + 42. Give k(11).
-486
Let d(r) = 289*r - 1128. What is d(4)?
28
Let z(f) = 13*f**2 + 328*f + 734. Calculate z(-23).
67
Let t(o) = -80*o + 54. Calculate t(0).
54
Let x(a) = 61*a - 450. Calculate x(8).
38
Let k(c) = 20*c + 428. Determine k(-36).
-292
Let x(c) = c**3 + 4*c**2 + 4*c - 6. Give x(-3).
-9
Let i(j) = j**3 + 5*j**2 - 28*j + 37. Give i(-9).
-35
Let h(o) = -389*o + 397. What is h(1)?
8
Let i(o) = -58*o - 419. What is i(-6)?
-71
Let d(g) = 10*g**2 - 737*g - 224. Determine d(74).
-2
Let c(j) = j**3 - 30*j**2 - 701*j - 1617. Give c(46).
-7
Let m(w) = -12*w**2 - 32*w + 30. Give m(1).
-14
Let f(i) = 5*i**3 - 2*i**2 - 14*i + 36. Determine f(3).
111
Let a(b) = b**3 - 49*b**2 + 183*b - 136. Determine a(45).
-1
Let d(h) = 352*h - 1758. What is d(5)?
2
Let o(j) = j**2 - 131*j - 253. What is o(133)?
13
Let r(d) = -d**3 + 224*d**2 - 1288*d - 4358. Determine r(218).
2
Let c(p) = p**3 + 31*p**2 - 29*p + 158. Calculate c(-32).
62
Let a(x) = 4*x**2 + 176*x + 504. Calculate a(-3).
12
Let z(v) = v**3 + 15*v**2 + 23*v - 27. Calculate z(-11).
204
Let y(d) = -d**3 + 2*d**2 - 5*d + 363. Give y(0).
363
Let n(x) = x**3 - x**2 - 9*x - 5. What is n(-6)?
-203
Let a(l) = -9*l + 303. Give a(5).
258
Let y(s) = -2*s**2 - 5*s + 131. Determine y(7).
-2
Let c(v) = -36*v - 93. What is c(-2)?
-21
Let a(p) = 4*p**3 + 338*p**2 + 1134*p - 6. What is a(-81)?
-6
Let h(x) = -34*x - 3136. Give h(-94).
60
Let i(h) = 230*h - 1845. Give i(8).
-5
Let x(d) = d**2 + 39*d + 67. Calculate x(0).
67
Let j(y) = -2*y**2 + 24*y + 55. What is j(22)?
-385
Let c(g) = 13*g**3 - 75*g + 151. Give c(2).
105
Let z(t) = -t**3 + 38*t**2 - 420*t + 1168. Determine z(14).
-8
Let v(y) = -168*y**2 + 17640*y + 4. What is v(105)?
4
Let t(p) = p**3 - 20*p**2 - 47*p + 223. Give t(22).
157
Let z(g) = -g**2 + 202*g + 2120. What is z(-10)?
0
Let g(l) = l**3 + 19*l**2 + 96*l + 16. Calculate g(-7).
-68
Let f(t) = -787*t + 5477. Give f(7).
-32
Let l(t) = -322*t - 2560. Calculate l(-8).
16
Let i(y) = -155*y - 2756. Determine i(-18).
34
Let d(j) = 147*j**2 + 88*j - 52. Determine d(-1).
7
Let f(c) = -c**3 + 53*c**2 + 164*c + 282. What is f(56)?
58
Let b(h) = 22*h + 398. What is b(-20)?
-42
Let w(f) = 232*f + 364. Determine w(-4).
-564
Let o(l) = -144*l + 328. Determine o(4).
-248
Let w(m) = -m**3 - 30*m**2 - 55*m - 550. Calculate w(-28).
-578
Let v(t) = t**3 - 59*t**2 - 60*t + 27. What is v(60)?
27
Let h(w) = -31*w**2 + 15*w - 53. What is h(5)?
-753
Let w(v) = -368*v + 1104. What is w(3)?
0
Let g(j) = -191*j - 794. What is g(-4)?
-30
Let q(v) = -3*v**3 - 42*v**2 + 9*v + 119. Calculate q(-14).
-7
Let u(l) = 3*l**2 + 44*l - 495. Determine u(-22).
-11
Let r(z) = z**2 + 114*z - 615. Give r(5).
-20
Let g(f) = 39*f + 75. Give g(-5).
-120
Let i(t) = -t**2 - 69*t + 7176. Determine i(57).
-6
Let k(w) = 24*w + 380. What is k(-16)?
-4
Let w(r) = -r**3 - 138*r**2 + 451*r + 3883. Determine w(-141).
-65
Let y(a) = -78*a + 10681. Calculate y(137).
-5
Let n(l) = l**3 - 29*l**2 - 1954*l + 126. What is n(61)?
4
Let n(s) = -23*s**2 - 895*s + 81. Determine n(-39).
3
Let v(b) = 51*b**2 - 14*b + 12. Calculate v(1).
49
Let g(s) = -s**2 + 33*s + 2342. What is g(63)?
452
Let n(r) = 3040*r - 18237. Calculate n(6).
3
Let m(t) = -20*t + 1. Calculate m(-12).
241
Let t(o) = 19057*o + 38109. What is t(-2)?
-5
Let d(y) = y**2 + 1676*y - 15186. Give d(9).
-21
Let w(n) = n**2 - 27*n + 422. Give w(36).
746
Let m(n) = -12*n**3 + 61*n**2 - 5*n. Give m(5).
0
Let s(q) = 5*q**2 + 89*q + 3. Give s(-17).
-65
Let w(s) = 2*s**2 - 20*s - 14. What is w(6)?
-62
Let u(w) = -w**2 - 31*w - 95. Determine u(-28).
-11
Let x(d) = -d**3 + 4*d**2 + 37*d - 8. Give x(8).
32
Let k(m) = -17*m**2 + 74*m - 138. Calculate k(2).
-58
Let p(f) = 2*f**2 + 84*f + 145. Determine p(-40).
-15
Let a(l) = -l**3 - 41*l**2 - 75*l + 4. Determine a(-39).
-113
Let y(b) = -39*b - 1098. Give y(-29).
33
Let j(s) = -s**2 - 70*s - 383. What is j(-6)?
1
Let d(t) = -2*t**2 + 351*t + 1808. Calculate d(-5).
3
Let m(c) = 110*c - 3752. Calculate m(34).
-12
Let c(p) = -2*p**3 - 76*p**2 - 627*p - 39. What is c(-12)?
-3
Let f(s) = 1173*s - 3501. What is f(3)?
18
Let d(v) = 7*v + 159. What is d(-25)?
-16
Let p(q) = -2*q**3 + 49*q**2 - 107*q + 1993. What is p(24)?
1
Let y(n) = -3*n**2 + 3*n + 162. What is y(0)?
162
Let z(h) = -21*h + 87. Give z(9).
-102
Let x(k) = k**2 + 48*k + 336. What is x(-38)?
-44
Let q(k) = k**3 + 9*k**2 + 43*k - 38. What is q(-9)?
-425
Let z(y) = -2869*y + 8591. What is z(3)?
-16
Let y(j) = -2*j**3 - 20*j**2 + 107*j + 236. What is y(-13)?
-141
Let z(r) = -4*r**2 + 21*r + 22. Calculate z(-9).
-491
Let n(w) = 2*w**3 - 18*w**2 - w + 16. What is n(9)?
7
Let s(r) = -33*r - 186. Determine s(-9).
111
Let w(j) = -2*j**2 - 98*j + 1463. Determine w(12).
-1
Let t(x) = -94*x + 8256. What is t(88)?
-16
Let b(a) = 195*a - 134. Calculate b(4).
646
Let g(y) = 24*y + 89. What is g(-8)?
-103
Let g(c) = -20*c - 165. What is g(-8)?
-5
Let y(c) = 11*c**2 + 48*c + 52. Calculate y(-2).
0
Let p(d) = -2*d**2 + 4*d + 2. Determine p(0).
2
Let p(q) = -q**3 - 8*q**2 + 18*q + 11. What is p(-7)?
-164
Let c(m) = -2*m**2 - 1062*m - 7332. What is c(-7)?
4
Let g(w) = -w**3 + 11*w**2 - 16*w + 184. Calculate g(11).
8
Let o(j) = -16*j**2 + 129*j - 5. Give o(8).
3
Let s(q) = 96*q + 53. Calculate s(-2).
-139
Let k(b) = -14*b**2 - 29*b - 11. Give k(-9).
-884
Let i(p) = -7*p - 182. Give i(-14).
-84
Let s(a) = 18*a**2 - 287*a + 245. Give s(15).
-10
Let q(b) = 29862*b - 5. What is q(0)?
-5
Let w(z) = 7*z**2 + 164*z + 212. Give w(-22).
-8
Let q(t) = -472*t - 3839. Give q(-8).
-63
Let n(i) = -69*i - 19. Calculate n(-1).
50
Let l(b) = -b**3 + 12*b**2 - 4*b + 6. Give l(7).
223
Let c(n) = 1146*n + 48128. Determine c(-42).
-4
Let k(f) = 3*f**2 + 43*f + 137. Calculate k(-4).
13
Let t(r) = 4*r**3 - 2*r**2 + 15*r - 23. Determine t(2).
31
Let k(t) = 81*t - 72. Give k(1).
9
Let a(d) = -2*d**2 - 47*d - 128. Calculate a(-22).
-62
Let g(l) = -l**3 + 72*l**2 + 145*l + 362. Give g(74).
140
Let b(o) = -2*o**3 - 15*o**2 + 4*o - 18. Give b(-8).
14
Let a(l) = -2*l**3 + 46*l**2 - 39*l + 901. Calculate a(23).
4
Let z(q) = -3*q**2 + 100*q + 449. Calculate z(-4).
1
Let r(t) = t**3 + 72*t**2 - 283*t + 1590. Calculate r(-76).
-6
Let y(k) = -160*k + 1775. What is y(11)?
15
Let l(w) = 597*w - 9552. Give l(16).
0
Let d(a) = 35*a + 785. Determine d(-26).
-125
Let a(t) = 117*t - 1259. Give a(11).
28
Let t(c) = -c**2 + 30*c - 62. Give t(30).
-62
Let l(y) = -3*y**2 + 2*y + 44. Calculate l(12).
-364
Let m(r) = 244*r + 4350. Give m(-18).
-42
Let f(j) = 6*j**2 + 2*j - 43. Give f(-7).
237
Let s(c) = -136*c**2 - 119*c - 121. Determine s(-1).
-138
Let u(b) = -b**2 + 8*b + 835. Give u(-22).
175
Let h(y) = -11*y**2 - 68*y + 254. Give h(-9).
-25
Let x(p) = -p**3 + 71*p**2 - 8*p + 565. Give x(71).
-3
Let b(i) = -5*i - 49. Determine b(-21).
56
Let l(u) = -87*u**3 + 3*u**2 